 + 12. Determine m(-14).
-44
Let h(u) = 32*u**2 - 157*u + 23. Determine h(5).
38
Let u(d) = 610*d + 1280. Determine u(-2).
60
Let i(s) = -56*s**3 - 5*s**2 + s - 3. What is i(2)?
-469
Let c(f) = -90*f**2 - 827*f - 8. Give c(-9).
145
Let t(m) = 3*m**3 + 77*m**2 - 27*m - 97. Calculate t(-26).
-71
Let i(v) = v**2 - 108*v - 45494. Determine i(-166).
-10
Let h(t) = -t**3 - 65*t**2 + 1110*t - 74. What is h(14)?
-18
Let w(x) = -32*x - 29. Determine w(-10).
291
Let g(u) = -7*u - 23. Determine g(3).
-44
Let f(d) = -679*d - 1282. Give f(-2).
76
Let n(h) = -h**3 - 11*h**2 + 87*h - 244. Give n(-17).
11
Let t(h) = -h**3 - 10*h**2 - 4070*h - 32435. Calculate t(-8).
-3
Let g(a) = -58*a + 228. Give g(6).
-120
Let t(d) = d**3 - 50*d**2 + 79*d + 436. Determine t(48).
-380
Let o(u) = -6998*u + 27967. Give o(4).
-25
Let o(z) = -z**2 - 32*z - 74. What is o(-25)?
101
Let k(n) = -2*n**2 + 35*n + 1898. Determine k(-23).
35
Let c(u) = -96*u + 58. Give c(-3).
346
Let n(u) = 39908*u + 79811. What is n(-2)?
-5
Let w(c) = -13*c + 87. Determine w(5).
22
Let u(t) = -916*t - 15578. Determine u(-17).
-6
Let x(m) = 4*m**3 - 5*m**2 + 6*m + 10. Determine x(-3).
-161
Let a(v) = v**2 + 31*v + 205. Give a(-14).
-33
Let s(q) = -204*q**2 + 3*q - 2. Give s(1).
-203
Let q(i) = 762*i + 775. What is q(-1)?
13
Let b(m) = -5*m**2 - 12*m + 67. Determine b(7).
-262
Let c(s) = s**2 - 10*s + 13. Calculate c(0).
13
Let a(j) = 11*j - 389. Calculate a(17).
-202
Let q(y) = -y**2 + y + 430. Determine q(-19).
50
Let d(b) = 2*b**2 + 16*b - 11. Calculate d(-10).
29
Let t(r) = -29*r - 1637. Calculate t(-56).
-13
Let z(i) = -i**3 + 26*i**2 - 24*i + 33. Calculate z(25).
58
Let n(x) = x**3 + x**2 + 9*x - 95. What is n(0)?
-95
Let t(y) = y**3 - 23*y**2 + 129*y + 42. Give t(10).
32
Let q(r) = r**2 + 60*r - 869. Give q(-72).
-5
Let c(u) = -u**3 - 14*u**2 + 62*u + 6. What is c(6)?
-342
Let u(w) = -w**3 - 44*w**2 + 48*w + 142. Determine u(-45).
7
Let d(x) = x**3 + 16*x**2 - 11*x - 18. What is d(-17)?
-120
Let w(f) = -3693*f - 59101. Calculate w(-16).
-13
Let j(f) = f**3 + 30*f**2 + 26*f - 1485. What is j(-27)?
0
Let t(z) = 10*z + 183. Calculate t(-7).
113
Let x(b) = -b**3 - 48*b**2 - 39*b + 383. Calculate x(-47).
7
Let y(m) = 7*m**2 - 5*m - 14. Calculate y(-2).
24
Let p(j) = 25*j**3 + 8*j**2 + 5*j - 7. Calculate p(1).
31
Let d(k) = 303*k + 2793. What is d(-10)?
-237
Let o(p) = p**3 + 20*p**2 + 53*p - 16. Determine o(-17).
-50
Let n(a) = 30*a - 82. Give n(6).
98
Let w(l) = -4*l**2 - 3*l + 2377. Give w(24).
1
Let h(r) = 15*r + 16. Determine h(1).
31
Let n(m) = -m**3 + 52*m**2 - 632*m - 248. Calculate n(32).
8
Let y(l) = l**3 - 7*l**2 - 167*l + 33. Calculate y(-10).
3
Let o(q) = -8*q**2 + 38*q + 21. Calculate o(6).
-39
Let l(d) = d**2 + 9*d - 85. Calculate l(-17).
51
Let j(s) = 30*s + 2191. Calculate j(-78).
-149
Let h(k) = 2*k**2 - 262*k + 8348. Calculate h(76).
-12
Let s(k) = -2*k**3 + 110*k**2 + 731*k + 66. Determine s(61).
5
Let v(h) = 6080*h + 72966. Give v(-12).
6
Let u(m) = -876*m + 2631. Give u(3).
3
Let r(m) = m**3 + 82*m**2 - 458*m - 2006. Give r(-87).
-5
Let w(h) = 24*h - 35. What is w(1)?
-11
Let k(l) = 2*l**3 - 23*l**2 - 39*l + 19. Give k(13).
19
Let t(f) = 153*f + 1075. Determine t(-7).
4
Let l(f) = 40*f + 131. Calculate l(-3).
11
Let f(l) = 12*l + 76. Calculate f(0).
76
Let l(z) = -9*z**2 - 126*z + 403. Determine l(3).
-56
Let g(f) = -f**2 + 10*f + 916. Determine g(35).
41
Let y(g) = 165*g + 652. What is y(-4)?
-8
Let q(s) = 94*s**2 - 551*s + 14. Give q(5).
-391
Let d(m) = -3153*m + 28382. Calculate d(9).
5
Let h(f) = 12*f**3 - 4*f**2 + 5*f - 12. Calculate h(3).
291
Let w(y) = 2*y + 81. Determine w(-8).
65
Let q(f) = -93*f - 2554. Give q(-27).
-43
Let f(q) = -54*q - 410. Calculate f(-12).
238
Let q(r) = -68*r - 4285. Determine q(-63).
-1
Let w(u) = -u**3 - 6*u**2 + 56*u + 289. Give w(-6).
-47
Let v(d) = -1153*d + 53045. Determine v(46).
7
Let o(m) = -2*m**2 - 17*m - 42. Calculate o(-15).
-237
Let u(s) = -7*s**2 + 19*s - 19. Determine u(2).
-9
Let t(u) = -u**2 - 8*u + 16. Give t(-11).
-17
Let v(q) = -32*q**2 + 2624*q - 7. Calculate v(82).
-7
Let z(q) = -37728*q + 188646. Give z(5).
6
Let n(g) = -g**2 + 46*g - 56. Determine n(18).
448
Let a(t) = -t**3 - 9*t**2 + t + 32. What is a(-10)?
122
Let n(i) = 625*i + 8130. Give n(-13).
5
Let z(v) = -13*v**2 - 8*v + 62. Calculate z(3).
-79
Let s(f) = -5*f**3 + 42*f**2 + 21*f - 258. What is s(8)?
38
Let w(g) = -20*g + 420. Determine w(19).
40
Let p(j) = -j**2 - 56*j - 288. Determine p(-50).
12
Let x(u) = -6*u**3 - 2*u**2 + 115*u + 116. Determine x(-1).
5
Let m(r) = -2*r**3 - 10*r**2 - 48*r - 101. What is m(-3)?
7
Let z(o) = 91*o + 207. Determine z(-2).
25
Let r(u) = u**2 - 54*u + 613. Give r(31).
-100
Let z(y) = -21*y + 11. Determine z(3).
-52
Let x(o) = 282*o - 2915. Determine x(11).
187
Let w(u) = -5*u**2 - 3*u + 27. Give w(-7).
-197
Let p(b) = -b**3 - 8*b**2 + 10*b - 1. Give p(-9).
-10
Let g(d) = 32*d - 243. Calculate g(11).
109
Let w(z) = -z**2 - 127*z - 4003. Calculate w(-67).
17
Let m(z) = -133*z + 11908. Give m(89).
71
Let w(v) = -v**3 + 8*v**2 + 28*v - 223. Give w(6).
17
Let p(q) = -q**2 + 611*q - 15763. What is p(27)?
5
Let b(g) = -3524*g - 28186. Calculate b(-8).
6
Let b(u) = -u**3 - 2*u**2 - 175*u - 516. Calculate b(-3).
18
Let b(q) = -q**2 - 94*q - 286. What is b(-3)?
-13
Let d(o) = -4*o**2 + 117*o - 582. Determine d(23).
-7
Let k(b) = 35*b + 655. Determine k(-10).
305
Let v(f) = -3*f + 236. What is v(3)?
227
Let u(j) = -12*j**3 + 123*j**2 + 108*j - 95. Determine u(11).
4
Let t(i) = i**2 + 6*i + 6. What is t(4)?
46
Let z(r) = -4*r**3 + 681*r**2 + 511*r + 347. What is z(171)?
5
Let m(n) = 63*n + 7800. What is m(-124)?
-12
Let f(w) = -49*w + 156. Determine f(9).
-285
Let o(a) = 173*a**2 + 10*a + 15. Calculate o(-2).
687
Let b(u) = 161*u + 988. Determine b(-6).
22
Let l(b) = -2*b**2 - 160*b + 1801. Calculate l(-90).
1
Let v(j) = -485*j - 16493. What is v(-34)?
-3
Let w(y) = 310*y - 624. Calculate w(2).
-4
Let c(b) = 50*b - 1411. Determine c(34).
289
Let w(d) = -d**3 + d**2 + 90*d. What is w(-9)?
0
Let p(x) = 111*x + 691. What is p(-6)?
25
Let p(a) = 9*a**3 + a**2 + 1078*a - 1079. What is p(1)?
9
Let a(k) = 928*k + 2778. What is a(-3)?
-6
Let b(z) = 216*z - 2382. Give b(10).
-222
Let q(c) = 23*c - 928. Determine q(41).
15
Let w(g) = 5*g**2 - 100*g + 450. Give w(13).
-5
Let v(b) = -5*b**3 - 38*b**2 + 12*b - 16. Determine v(-8).
16
Let r(s) = 2*s**3 - 9*s**2 + 64*s - 249. Calculate r(4).
-9
Let x(r) = 34*r + 2942. Calculate x(-85).
52
Let n(i) = 40*i**2 - 481*i + 15. Determine n(12).
3
Let z(s) = -s**2 - 45*s - 369. What is z(-11)?
5
Let f(z) = -5*z**2 + 51*z - 165. Determine f(9).
-111
Let n(b) = -382*b + 380. Determine n(1).
-2
Let p(t) = -81*t + 1122. Calculate p(15).
-93
Let x(k) = 1545*k + 10843. What is x(-7)?
28
Let n(b) = -10*b**3 + 3*b**2 - 3*b - 32. What is n(-3)?
274
Let g(b) = -b**3 - 18*b**2 + 16*b - 57. Determine g(-19).
0
Let t(r) = 235*r + 35000. Give t(-149).
-15
Let f(w) = 4*w**2 - 38*w + 110. Give f(5).
20
Let x(y) = 2*y**3 - 13*y**2 + 32*y - 1. Calculate x(5).
84
Let g(o) = -3*o**2 + 35*o - 22. What is g(11)?
0
Let r(s) = 2*s**3 + 22*s**2 + 29*s + 92. Give r(-10).
2
Let r(m) = -3*m**3 + m**2 + 26*m - 32. Calculate r(6).
-488
Let p(h) = 373*h - 1501. Determine p(4).
-9
Let l(b) = b**3 - 104*b**2 - 318*b - 313. Give l(107).
8
Let b(w) = w**3 + 42*w**2 - 218*w - 72. Calculate b(5).
13
Let v(t) = -40*t**3 - t**2 - 10*t + 11. Calculate v(1).
-40
Let z(i) = -4*i**2 - 695*i - 1190. Calculate z(-172).
14
Let m(p) = 2*p**2 + 174*p + 1667. What is m(-11)?
-5
Let n(d) = 13*d**2 - 60*d - 442. Determine n(-6).
386
Let v(n) = 91*n - 10284. Give v(113).
-1
Let p(j) = 29*j + 214. Give p(-7).
11
Let z(m) = -2*m**3 + 25*m**2 + 37*m - 211. Give z(15).
-781
Let g(a) = 17*a**2 - 19*a - 34. Determine g(-5).
486
Let b(t) = -100*t + 1087. What is b(11)?
-13
Let m(q) = -13*q + 576. What is m(44)?
4
Let z(c) = -2*c**2 - 23*c + 808. Give z(15).
13
Let t(h) = -h**2 + 38*h - 131. Give t(13).
194
Let p(n) = 9*n - 148. Determine p(11).
-49
Let q(a) = -a**2 + 122*a + 3192. Calculate q(144).
24
Let r(b) = -b**2 - b + 26. Give r(8).
-46
Let o(a) = 33*a + 84. Calculate o(-2).
18
Let b(y) = -y**3 + 36*y**2 + 74*y + 56. Give b(38).
-20
Let b(s) = 10*s - 46. Give b(7).